{"id":974,"date":"2013-12-13T11:22:29","date_gmt":"2013-12-13T11:22:29","guid":{"rendered":"https:\/\/www.askurochembla.ax\/?page_id=974"},"modified":"2022-05-12T12:18:09","modified_gmt":"2022-05-12T12:18:09","slug":"kamelull","status":"publish","type":"page","link":"https:\/\/www.askurochembla.ax\/?page_id=974","title":{"rendered":"Kamelull"},"content":{"rendered":"<p>I inre Asien finns kameler som lever p\u00e5 h\u00f6ga h\u00f6jder. Det underh\u00e5r som dessa kamelers vinterp\u00e4ls best\u00e5r av kammas bort p\u00e5 v\u00e5ren och blir till sk\u00f6na t\u00e4cken som kan anv\u00e4ndas \u00e5ret runt. Det h\u00e4r l\u00e4tta fina h\u00e5ret transporterar fukt snabbare \u00e4n andra naturliga djurh\u00e5r.<\/p>\n","protected":false},"excerpt":{"rendered":"<p>I inre Asien finns kameler som lever p\u00e5 h\u00f6ga h\u00f6jder. Det underh\u00e5r som dessa kamelers vinterp\u00e4ls best\u00e5r av kammas bort p\u00e5 v\u00e5ren och blir till sk\u00f6na t\u00e4cken som kan anv\u00e4ndas \u00e5ret runt. Det h\u00e4r l\u00e4tta fina h\u00e5ret transporterar fukt snabbare \u00e4n andra naturliga djurh\u00e5r.<\/p>\n","protected":false},"author":1,"featured_media":0,"parent":937,"menu_order":0,"comment_status":"closed","ping_status":"closed","template":"","meta":{"footnotes":""},"class_list":["post-974","page","type-page","status-publish","hentry"],"_links":{"self":[{"href":"https:\/\/www.askurochembla.ax\/index.php?rest_route=\/wp\/v2\/pages\/974","targetHints":{"allow":["GET"]}}],"collection":[{"href":"https:\/\/www.askurochembla.ax\/index.php?rest_route=\/wp\/v2\/pages"}],"about":[{"href":"https:\/\/www.askurochembla.ax\/index.php?rest_route=\/wp\/v2\/types\/page"}],"author":[{"embeddable":true,"href":"https:\/\/www.askurochembla.ax\/index.php?rest_route=\/wp\/v2\/users\/1"}],"replies":[{"embeddable":true,"href":"https:\/\/www.askurochembla.ax\/index.php?rest_route=%2Fwp%2Fv2%2Fcomments&post=974"}],"version-history":[{"count":1,"href":"https:\/\/www.askurochembla.ax\/index.php?rest_route=\/wp\/v2\/pages\/974\/revisions"}],"predecessor-version":[{"id":975,"href":"https:\/\/www.askurochembla.ax\/index.php?rest_route=\/wp\/v2\/pages\/974\/revisions\/975"}],"up":[{"embeddable":true,"href":"https:\/\/www.askurochembla.ax\/index.php?rest_route=\/wp\/v2\/pages\/937"}],"wp:attachment":[{"href":"https:\/\/www.askurochembla.ax\/index.php?rest_route=%2Fwp%2Fv2%2Fmedia&parent=974"}],"curies":[{"name":"wp","href":"https:\/\/api.w.org\/{rel}","templated":true}]}}