{"id":1601,"date":"2015-12-17T08:31:59","date_gmt":"2015-12-17T08:31:59","guid":{"rendered":"https:\/\/www.askurochembla.ax\/?post_type=product&#038;p=1601"},"modified":"2021-08-05T08:22:31","modified_gmt":"2021-08-05T08:22:31","slug":"napphallare-ekologisk-rosa","status":"publish","type":"product","link":"https:\/\/www.askurochembla.ax\/?product=napphallare-ekologisk-rosa","title":{"rendered":"Napph\u00e5llare ekologisk &#8211; Rosa"},"content":{"rendered":"","protected":false},"excerpt":{"rendered":"<p><span style=\"color: #000000;\">Napph\u00e5llare fr\u00e5n Hevea Baby i 100 % ekologisk bomull, GOTS certifierad<\/span>. Trycket \u00e4r gjort med sojabl\u00e4ck. Clipsen \u00e4r nickelfria och \u00f6verdelen \u00e4r gjord av tr\u00e4 fr\u00e5n gummitr\u00e4det. Nappen eller bitringen f\u00e4sts med kardborreband. P\u00e5 baksidan finns namnetikett.<\/p>\n","protected":false},"featured_media":1599,"comment_status":"open","ping_status":"closed","template":"","meta":[],"product_brand":[],"product_cat":[144],"product_tag":[],"class_list":{"0":"post-1601","1":"product","2":"type-product","3":"status-publish","4":"has-post-thumbnail","6":"product_cat-nappar","8":"first","9":"instock","10":"taxable","11":"shipping-taxable","12":"purchasable","13":"product-type-simple"},"_links":{"self":[{"href":"https:\/\/www.askurochembla.ax\/index.php?rest_route=\/wp\/v2\/product\/1601","targetHints":{"allow":["GET"]}}],"collection":[{"href":"https:\/\/www.askurochembla.ax\/index.php?rest_route=\/wp\/v2\/product"}],"about":[{"href":"https:\/\/www.askurochembla.ax\/index.php?rest_route=\/wp\/v2\/types\/product"}],"replies":[{"embeddable":true,"href":"https:\/\/www.askurochembla.ax\/index.php?rest_route=%2Fwp%2Fv2%2Fcomments&post=1601"}],"wp:featuredmedia":[{"embeddable":true,"href":"https:\/\/www.askurochembla.ax\/index.php?rest_route=\/wp\/v2\/media\/1599"}],"wp:attachment":[{"href":"https:\/\/www.askurochembla.ax\/index.php?rest_route=%2Fwp%2Fv2%2Fmedia&parent=1601"}],"wp:term":[{"taxonomy":"product_brand","embeddable":true,"href":"https:\/\/www.askurochembla.ax\/index.php?rest_route=%2Fwp%2Fv2%2Fproduct_brand&post=1601"},{"taxonomy":"product_cat","embeddable":true,"href":"https:\/\/www.askurochembla.ax\/index.php?rest_route=%2Fwp%2Fv2%2Fproduct_cat&post=1601"},{"taxonomy":"product_tag","embeddable":true,"href":"https:\/\/www.askurochembla.ax\/index.php?rest_route=%2Fwp%2Fv2%2Fproduct_tag&post=1601"}],"curies":[{"name":"wp","href":"https:\/\/api.w.org\/{rel}","templated":true}]}}