{"id":1907,"date":"2017-11-22T10:04:58","date_gmt":"2017-11-22T10:04:58","guid":{"rendered":"https:\/\/www.askurochembla.ax\/?post_type=product&#038;p=1907"},"modified":"2023-11-08T00:03:30","modified_gmt":"2023-11-08T00:03:30","slug":"matlada-three-in-one","status":"publish","type":"product","link":"https:\/\/www.askurochembla.ax\/?product=matlada-three-in-one","title":{"rendered":"Matl\u00e5da Three-in-one"},"content":{"rendered":"","protected":false},"excerpt":{"rendered":"<div class=\"description\">\n<p>Tre-i-ett matl\u00e5dan \u00e4r perfekt f\u00f6r tv\u00e5 personer eller de g\u00e5nger man vill h\u00e5lla matvaror separerade fr\u00e5n varandra. Den best\u00e5r av tv\u00e5 stora l\u00e5dor, botten l\u00e5dan som rymmer 350 ml och \u00f6vre l\u00e5dan som rymmer 410 ml. I den ena l\u00e5dan finns en ECOlunchpod som rymmer 145 ml och \u00e4r perfekt f\u00f6r sm\u00e5 tillbeh\u00f6r som n\u00f6tter, russin, etc.<\/p>\n<\/div>\n<div>F\u00e4rg:\u00a0<span class=\"color-text\">Rostfritt st\u00e5l<\/span><\/div>\n","protected":false},"featured_media":1906,"comment_status":"open","ping_status":"closed","template":"","meta":[],"product_brand":[],"product_cat":[176,177],"product_tag":[],"class_list":{"0":"post-1907","1":"product","2":"type-product","3":"status-publish","4":"has-post-thumbnail","6":"product_cat-ecolunchbox","7":"product_cat-kok","9":"first","10":"instock","11":"taxable","12":"shipping-taxable","13":"purchasable","14":"product-type-simple"},"_links":{"self":[{"href":"https:\/\/www.askurochembla.ax\/index.php?rest_route=\/wp\/v2\/product\/1907","targetHints":{"allow":["GET"]}}],"collection":[{"href":"https:\/\/www.askurochembla.ax\/index.php?rest_route=\/wp\/v2\/product"}],"about":[{"href":"https:\/\/www.askurochembla.ax\/index.php?rest_route=\/wp\/v2\/types\/product"}],"replies":[{"embeddable":true,"href":"https:\/\/www.askurochembla.ax\/index.php?rest_route=%2Fwp%2Fv2%2Fcomments&post=1907"}],"wp:featuredmedia":[{"embeddable":true,"href":"https:\/\/www.askurochembla.ax\/index.php?rest_route=\/wp\/v2\/media\/1906"}],"wp:attachment":[{"href":"https:\/\/www.askurochembla.ax\/index.php?rest_route=%2Fwp%2Fv2%2Fmedia&parent=1907"}],"wp:term":[{"taxonomy":"product_brand","embeddable":true,"href":"https:\/\/www.askurochembla.ax\/index.php?rest_route=%2Fwp%2Fv2%2Fproduct_brand&post=1907"},{"taxonomy":"product_cat","embeddable":true,"href":"https:\/\/www.askurochembla.ax\/index.php?rest_route=%2Fwp%2Fv2%2Fproduct_cat&post=1907"},{"taxonomy":"product_tag","embeddable":true,"href":"https:\/\/www.askurochembla.ax\/index.php?rest_route=%2Fwp%2Fv2%2Fproduct_tag&post=1907"}],"curies":[{"name":"wp","href":"https:\/\/api.w.org\/{rel}","templated":true}]}}