{"id":2024,"date":"2018-05-23T12:24:19","date_gmt":"2018-05-23T12:24:19","guid":{"rendered":"https:\/\/www.askurochembla.ax\/?post_type=product&#038;p=2024"},"modified":"2021-08-16T12:47:47","modified_gmt":"2021-08-16T12:47:47","slug":"nawaro-vaxkritor-12-st","status":"publish","type":"product","link":"https:\/\/www.askurochembla.ax\/?product=nawaro-vaxkritor-12-st","title":{"rendered":"Nawaro vaxkritor &#8211; 12 st."},"content":{"rendered":"","protected":false},"excerpt":{"rendered":"<p>Naturliga vaxkritor tillverkade av bivax.<\/p>\n<p><strong>F\u00e4rg:<\/strong>\u00a0R\u00f6d, gul, gr\u00f6n, bl\u00e5, brun, svart orange, m\u00f6rkr\u00f6d, m\u00f6rkgr\u00f6n, ljusbl\u00e5, lila och beige.<\/p>\n<p>Storlek: 1,2cm diameter och l\u00e4ngd 8,5cm.<\/p>\n<p>Ingredienser:\u00a0ekologiskt palmstearin, rent bivax (\u00f6ver 25%), renad kalk, lanolin (ullfett), kiseldioxid och ekologiska f\u00e4rgpigment.<\/p>\n<p>Det ska allts\u00e5 noteras att det inte \u00e4r meningen att f\u00e4rgerna ska \u00e4tas!<\/p>\n<p>&nbsp;<\/p>\n","protected":false},"featured_media":2025,"comment_status":"open","ping_status":"closed","template":"","meta":[],"product_brand":[],"product_cat":[174],"product_tag":[],"class_list":{"0":"post-2024","1":"product","2":"type-product","3":"status-publish","4":"has-post-thumbnail","6":"product_cat-okonorm-farger-lera-och-kritor","8":"first","9":"instock","10":"taxable","11":"shipping-taxable","12":"purchasable","13":"product-type-simple"},"_links":{"self":[{"href":"https:\/\/www.askurochembla.ax\/index.php?rest_route=\/wp\/v2\/product\/2024","targetHints":{"allow":["GET"]}}],"collection":[{"href":"https:\/\/www.askurochembla.ax\/index.php?rest_route=\/wp\/v2\/product"}],"about":[{"href":"https:\/\/www.askurochembla.ax\/index.php?rest_route=\/wp\/v2\/types\/product"}],"replies":[{"embeddable":true,"href":"https:\/\/www.askurochembla.ax\/index.php?rest_route=%2Fwp%2Fv2%2Fcomments&post=2024"}],"wp:featuredmedia":[{"embeddable":true,"href":"https:\/\/www.askurochembla.ax\/index.php?rest_route=\/wp\/v2\/media\/2025"}],"wp:attachment":[{"href":"https:\/\/www.askurochembla.ax\/index.php?rest_route=%2Fwp%2Fv2%2Fmedia&parent=2024"}],"wp:term":[{"taxonomy":"product_brand","embeddable":true,"href":"https:\/\/www.askurochembla.ax\/index.php?rest_route=%2Fwp%2Fv2%2Fproduct_brand&post=2024"},{"taxonomy":"product_cat","embeddable":true,"href":"https:\/\/www.askurochembla.ax\/index.php?rest_route=%2Fwp%2Fv2%2Fproduct_cat&post=2024"},{"taxonomy":"product_tag","embeddable":true,"href":"https:\/\/www.askurochembla.ax\/index.php?rest_route=%2Fwp%2Fv2%2Fproduct_tag&post=2024"}],"curies":[{"name":"wp","href":"https:\/\/api.w.org\/{rel}","templated":true}]}}