{"id":2143,"date":"2019-12-17T07:51:46","date_gmt":"2019-12-17T07:51:46","guid":{"rendered":"https:\/\/www.askurochembla.ax\/?product=matlada-three-in-one-giant"},"modified":"2023-11-08T00:03:31","modified_gmt":"2023-11-08T00:03:31","slug":"matlada-three-in-one-giant","status":"publish","type":"product","link":"https:\/\/www.askurochembla.ax\/?product=matlada-three-in-one-giant","title":{"rendered":"Matl\u00e5da Three-in-one (Giant)"},"content":{"rendered":"","protected":false},"excerpt":{"rendered":"<div class=\"description\">\n<p>Denna stora Three-in-One Giant matl\u00e5dan \u00e4r den st\u00f6rsta matl\u00e5dan fr\u00e5n ECOLunchbox. Perfekt f\u00f6r den som \u00e4r riktigt hungrig eller f\u00f6r mat till tv\u00e5 personer. De tv\u00e5 stora l\u00e5dorna l\u00e5ter dig h\u00e5lla matvaror separerade fr\u00e5n varandra. Den best\u00e5r av tv\u00e5 stora l\u00e5dor, b\u00e5da rymmer ca 820 ml. Ut\u00f6ver detta finns en lite mindre l\u00e5da med som rymmer ca 230 ml. Den lilla l\u00e5dan \u00e4r perfekt f\u00f6r sm\u00e5 tillbeh\u00f6r som n\u00f6tter, russin, etc.<\/p>\n<\/div>\n<div>F\u00e4rg:\u00a0<span class=\"color-text\">Rostfritt st\u00e5l<\/span><\/div>\n","protected":false},"featured_media":2145,"comment_status":"open","ping_status":"closed","template":"","meta":[],"product_brand":[],"product_cat":[176,177],"product_tag":[],"class_list":{"0":"post-2143","1":"product","2":"type-product","3":"status-publish","4":"has-post-thumbnail","6":"product_cat-ecolunchbox","7":"product_cat-kok","9":"first","10":"instock","11":"taxable","12":"shipping-taxable","13":"purchasable","14":"product-type-simple"},"_links":{"self":[{"href":"https:\/\/www.askurochembla.ax\/index.php?rest_route=\/wp\/v2\/product\/2143","targetHints":{"allow":["GET"]}}],"collection":[{"href":"https:\/\/www.askurochembla.ax\/index.php?rest_route=\/wp\/v2\/product"}],"about":[{"href":"https:\/\/www.askurochembla.ax\/index.php?rest_route=\/wp\/v2\/types\/product"}],"replies":[{"embeddable":true,"href":"https:\/\/www.askurochembla.ax\/index.php?rest_route=%2Fwp%2Fv2%2Fcomments&post=2143"}],"wp:featuredmedia":[{"embeddable":true,"href":"https:\/\/www.askurochembla.ax\/index.php?rest_route=\/wp\/v2\/media\/2145"}],"wp:attachment":[{"href":"https:\/\/www.askurochembla.ax\/index.php?rest_route=%2Fwp%2Fv2%2Fmedia&parent=2143"}],"wp:term":[{"taxonomy":"product_brand","embeddable":true,"href":"https:\/\/www.askurochembla.ax\/index.php?rest_route=%2Fwp%2Fv2%2Fproduct_brand&post=2143"},{"taxonomy":"product_cat","embeddable":true,"href":"https:\/\/www.askurochembla.ax\/index.php?rest_route=%2Fwp%2Fv2%2Fproduct_cat&post=2143"},{"taxonomy":"product_tag","embeddable":true,"href":"https:\/\/www.askurochembla.ax\/index.php?rest_route=%2Fwp%2Fv2%2Fproduct_tag&post=2143"}],"curies":[{"name":"wp","href":"https:\/\/api.w.org\/{rel}","templated":true}]}}