{"id":2287,"date":"2021-04-22T07:50:08","date_gmt":"2021-04-22T07:50:08","guid":{"rendered":"https:\/\/www.askurochembla.ax\/?post_type=product&#038;p=2287"},"modified":"2021-04-23T12:25:17","modified_gmt":"2021-04-23T12:25:17","slug":"fageltrad","status":"publish","type":"product","link":"https:\/\/www.askurochembla.ax\/?product=fageltrad","title":{"rendered":"F\u00e5geltr\u00e4d &#8211; pussel"},"content":{"rendered":"","protected":false},"excerpt":{"rendered":"<p>Vackert f\u00e4rgglatt pussel av h\u00f6gkvalitativt lindtr\u00e4d. Inneh\u00e5ller 9 klossar.<\/p>\n<p>Storlek <span class=\"Y2IQFc\" lang=\"sv\">19x11x23cm (lxbxh)<\/span><\/p>\n<p>Passar f\u00f6r barn fr\u00e5n 10 m\u00e5nader<\/p>\n","protected":false},"featured_media":2288,"comment_status":"open","ping_status":"closed","template":"","meta":[],"product_brand":[],"product_cat":[179],"product_tag":[],"class_list":{"0":"post-2287","1":"product","2":"type-product","3":"status-publish","4":"has-post-thumbnail","6":"product_cat-barnleksaker-1","8":"first","9":"instock","10":"taxable","11":"shipping-taxable","12":"purchasable","13":"product-type-simple"},"_links":{"self":[{"href":"https:\/\/www.askurochembla.ax\/index.php?rest_route=\/wp\/v2\/product\/2287","targetHints":{"allow":["GET"]}}],"collection":[{"href":"https:\/\/www.askurochembla.ax\/index.php?rest_route=\/wp\/v2\/product"}],"about":[{"href":"https:\/\/www.askurochembla.ax\/index.php?rest_route=\/wp\/v2\/types\/product"}],"replies":[{"embeddable":true,"href":"https:\/\/www.askurochembla.ax\/index.php?rest_route=%2Fwp%2Fv2%2Fcomments&post=2287"}],"wp:featuredmedia":[{"embeddable":true,"href":"https:\/\/www.askurochembla.ax\/index.php?rest_route=\/wp\/v2\/media\/2288"}],"wp:attachment":[{"href":"https:\/\/www.askurochembla.ax\/index.php?rest_route=%2Fwp%2Fv2%2Fmedia&parent=2287"}],"wp:term":[{"taxonomy":"product_brand","embeddable":true,"href":"https:\/\/www.askurochembla.ax\/index.php?rest_route=%2Fwp%2Fv2%2Fproduct_brand&post=2287"},{"taxonomy":"product_cat","embeddable":true,"href":"https:\/\/www.askurochembla.ax\/index.php?rest_route=%2Fwp%2Fv2%2Fproduct_cat&post=2287"},{"taxonomy":"product_tag","embeddable":true,"href":"https:\/\/www.askurochembla.ax\/index.php?rest_route=%2Fwp%2Fv2%2Fproduct_tag&post=2287"}],"curies":[{"name":"wp","href":"https:\/\/api.w.org\/{rel}","templated":true}]}}