{"id":425,"date":"2013-11-18T13:36:32","date_gmt":"2013-11-18T13:36:32","guid":{"rendered":"https:\/\/www.askurochembla.ax\/?post_type=product&#038;p=425"},"modified":"2023-09-15T06:52:53","modified_gmt":"2023-09-15T06:52:53","slug":"cesena-tunn-spannband","status":"publish","type":"product","link":"https:\/\/www.askurochembla.ax\/?product=cesena-tunn-spannband","title":{"rendered":"Cesena tunn, sp\u00e4nnband"},"content":{"rendered":"","protected":false},"excerpt":{"rendered":"<p>B\u00e4ddmadrassen Cesena av ekologisk lammull \u00e4r varm och torr. \u00d6verdrag av rutquiltad 100% ekologisk bomullsjersey (kbA) och fylld med temperatur- och fuktighetsreglerande lammull. Sp\u00e4nnband f\u00e4ster b\u00e4ddmadrassen vid madrassen.<\/p>\n<p>Certifierad ekologisk bomull av GOTS. Lammull fr\u00e5n garanterat god djurh\u00e5llning, kbT. Produktionen \u00e4r certifierad av IVN. Alla produkter testas regelm\u00e4ssigt f\u00f6r inneh\u00e5ll av skadliga \u00e4mnen av ECO-institutet i Tyskland.<\/p>\n<p><b>Stoppning:<\/b><br \/>\n100% ekologisk lammull (kbT) 900 gr. Tunn.<\/p>\n<p><b>\u00d6verdrag:<\/b><br \/>\nJersey av 100% ekologisk bomull (kbA)<\/p>\n<p><strong>Leveranstiden \u00e4r normalt mellan 6 och 8 veckor.<\/strong><\/p>\n","protected":false},"featured_media":405,"comment_status":"open","ping_status":"closed","template":"","meta":[],"product_brand":[],"product_cat":[62,63],"product_tag":[],"class_list":{"0":"post-425","1":"product","2":"type-product","3":"status-publish","4":"has-post-thumbnail","6":"product_cat-baddmadrasser","7":"product_cat-baddmadrass-i-lammull","8":"product_shipping_class-fastpris","9":"pa_t1-80x200cm","10":"pa_t1-90x200cm","11":"pa_t1-100x200cm","12":"pa_t1-140x200cm","13":"pa_t1-160x200cm","14":"pa_t1-180x200cm","15":"pa_t1-200x200cm","17":"first","18":"outofstock","19":"taxable","20":"shipping-taxable","21":"product-type-variable","22":"has-default-attributes"},"_links":{"self":[{"href":"https:\/\/www.askurochembla.ax\/index.php?rest_route=\/wp\/v2\/product\/425","targetHints":{"allow":["GET"]}}],"collection":[{"href":"https:\/\/www.askurochembla.ax\/index.php?rest_route=\/wp\/v2\/product"}],"about":[{"href":"https:\/\/www.askurochembla.ax\/index.php?rest_route=\/wp\/v2\/types\/product"}],"replies":[{"embeddable":true,"href":"https:\/\/www.askurochembla.ax\/index.php?rest_route=%2Fwp%2Fv2%2Fcomments&post=425"}],"wp:featuredmedia":[{"embeddable":true,"href":"https:\/\/www.askurochembla.ax\/index.php?rest_route=\/wp\/v2\/media\/405"}],"wp:attachment":[{"href":"https:\/\/www.askurochembla.ax\/index.php?rest_route=%2Fwp%2Fv2%2Fmedia&parent=425"}],"wp:term":[{"taxonomy":"product_brand","embeddable":true,"href":"https:\/\/www.askurochembla.ax\/index.php?rest_route=%2Fwp%2Fv2%2Fproduct_brand&post=425"},{"taxonomy":"product_cat","embeddable":true,"href":"https:\/\/www.askurochembla.ax\/index.php?rest_route=%2Fwp%2Fv2%2Fproduct_cat&post=425"},{"taxonomy":"product_tag","embeddable":true,"href":"https:\/\/www.askurochembla.ax\/index.php?rest_route=%2Fwp%2Fv2%2Fproduct_tag&post=425"}],"curies":[{"name":"wp","href":"https:\/\/api.w.org\/{rel}","templated":true}]}}