{"id":454,"date":"2013-11-19T09:22:34","date_gmt":"2013-11-19T09:22:34","guid":{"rendered":"https:\/\/www.askurochembla.ax\/?post_type=product&#038;p=454"},"modified":"2025-07-21T12:20:35","modified_gmt":"2025-07-21T12:20:35","slug":"firenze-spannband","status":"publish","type":"product","link":"https:\/\/www.askurochembla.ax\/?product=firenze-spannband","title":{"rendered":"Firenze, sp\u00e4nnband (bomull)"},"content":{"rendered":"","protected":false},"excerpt":{"rendered":"<p>Sval eko-bomull f\u00f6r varma n\u00e4tter. En l\u00e4tt och luftig rutquiltad tv\u00e4ttbar b\u00e4ddmadrass med sp\u00e4nnband. Maskintv\u00e4ttbar.<\/p>\n<p>Alla produkter i serien Firenze \u00e4r gjorda av ekologisk bomull utan djurh\u00e5r. De \u00e4r tillverkade med n\u00e5gra centimeters krympm\u00e5n eftersom bomull krymper i tv\u00e4tt.<\/p>\n<p>Certifierad ekologisk bomull av GOTS. Produktionen \u00e4r certifierad av IVN. Alla produkter testas regelm\u00e4ssigt f\u00f6r inneh\u00e5ll av skadliga \u00e4mnen av ECO-institutet i Tyskland.<\/p>\n<p><b>Stoppning:<\/b><br \/>\n80 x 200 cm: 1,100 g vadd av 100% ekologisk bomulll (kbA)<br \/>\n90 x 190 cm: 1,300 g vadd av 100% ekologisk bomulll (kbA)<br \/>\n90 x 200 cm: 1,300 g vadd av 100% ekologisk bomulll (kbA)<br \/>\n100 x 200 cm: 1,400 g vadd av 100% ekologisk bomulll (kbA)<br \/>\n140 x 200 cm: 1,900 g vadd av 100% ekologisk bomulll (kbA)<br \/>\n160 x 200 cm: 2,200 g vadd av 100% ekologisk bomulll (kbA)<br \/>\n180 x 200 cm: 2,500 g vadd av 100% ekologisk bomulll (kbA)<br \/>\n200 x 200 cm: 2,800 g vadd av 100% ekologisk bomulll (kbA)<\/p>\n<p><b>\u00d6verdrag:<\/b><br \/>\nPerkal av 100% ekologisk bomull (kbA)<\/p>\n<p>&nbsp;<\/p>\n","protected":false},"featured_media":453,"comment_status":"open","ping_status":"closed","template":"","meta":[],"product_brand":[],"product_cat":[62,71],"product_tag":[],"class_list":{"0":"post-454","1":"product","2":"type-product","3":"status-publish","4":"has-post-thumbnail","6":"product_cat-baddmadrasser","7":"product_cat-baddmadrass-i-bomull","8":"product_shipping_class-fastpris","9":"pa_t1-80x200cm","10":"pa_t1-90x200cm","11":"pa_t1-100x200cm","12":"pa_t1-140x200cm","13":"pa_t1-160x200cm","14":"pa_t1-180x200cm","15":"pa_t1-200x200cm","17":"first","18":"onbackorder","19":"taxable","20":"shipping-taxable","21":"purchasable","22":"product-type-variable","23":"has-default-attributes"},"_links":{"self":[{"href":"https:\/\/www.askurochembla.ax\/index.php?rest_route=\/wp\/v2\/product\/454","targetHints":{"allow":["GET"]}}],"collection":[{"href":"https:\/\/www.askurochembla.ax\/index.php?rest_route=\/wp\/v2\/product"}],"about":[{"href":"https:\/\/www.askurochembla.ax\/index.php?rest_route=\/wp\/v2\/types\/product"}],"replies":[{"embeddable":true,"href":"https:\/\/www.askurochembla.ax\/index.php?rest_route=%2Fwp%2Fv2%2Fcomments&post=454"}],"wp:featuredmedia":[{"embeddable":true,"href":"https:\/\/www.askurochembla.ax\/index.php?rest_route=\/wp\/v2\/media\/453"}],"wp:attachment":[{"href":"https:\/\/www.askurochembla.ax\/index.php?rest_route=%2Fwp%2Fv2%2Fmedia&parent=454"}],"wp:term":[{"taxonomy":"product_brand","embeddable":true,"href":"https:\/\/www.askurochembla.ax\/index.php?rest_route=%2Fwp%2Fv2%2Fproduct_brand&post=454"},{"taxonomy":"product_cat","embeddable":true,"href":"https:\/\/www.askurochembla.ax\/index.php?rest_route=%2Fwp%2Fv2%2Fproduct_cat&post=454"},{"taxonomy":"product_tag","embeddable":true,"href":"https:\/\/www.askurochembla.ax\/index.php?rest_route=%2Fwp%2Fv2%2Fproduct_tag&post=454"}],"curies":[{"name":"wp","href":"https:\/\/api.w.org\/{rel}","templated":true}]}}