{"id":495,"date":"2013-11-19T13:04:02","date_gmt":"2013-11-19T13:04:02","guid":{"rendered":"https:\/\/www.askurochembla.ax\/?post_type=product&#038;p=495"},"modified":"2024-01-23T07:39:07","modified_gmt":"2024-01-23T07:39:07","slug":"firenze","status":"publish","type":"product","link":"https:\/\/www.askurochembla.ax\/?product=firenze","title":{"rendered":"Firenze"},"content":{"rendered":"","protected":false},"excerpt":{"rendered":"<p>Sommart\u00e4cket Firenze \u00e4r b\u00e5de varmt och svalt, eftersom bomull inte har s\u00e5 h\u00f6g v\u00e4rmeh\u00e5llningsf\u00f6rm\u00e5ga. \u00d6verfl\u00f6dig kroppsv\u00e4rme sl\u00e4pps ut i rummet ist\u00e4llet f\u00f6r att st\u00e4ngas in under t\u00e4cket. Sommart\u00e4cket med rutvaddering \u00e4r ocks\u00e5 l\u00e4mpligt f\u00f6r allergiker.<\/p>\n<p>Alla produkter i serien Firenze \u00e4r gjorda av ekologisk bomull utan djurh\u00e5r. De \u00e4r tillverkade med n\u00e5gra centimeters krympm\u00e5n eftersom bomull krymper i tv\u00e4tt.<\/p>\n<p>Certifierad ekologisk bomull av GOTS. Produktionen \u00e4r certifierad av IVN. Alla produkter testas regelm\u00e4ssigt f\u00f6r inneh\u00e5ll av skadliga \u00e4mnen av ECO-institutet i Tyskland.<\/p>\n<p><b>\u00d6verdrag:<\/b><br \/>\n100% ekologisk bomullsperkal (kbA)<\/p>\n<p><b>Quilt:<\/b><br \/>\nRutquiltning<\/p>\n<p><b>Stoppning:<\/b><br \/>\nVadd av 100% ekologisk bomull (kbA) 800 g<\/p>\n","protected":false},"featured_media":1225,"comment_status":"open","ping_status":"closed","template":"","meta":[],"product_brand":[],"product_cat":[75],"product_tag":[],"class_list":{"0":"post-495","1":"product","2":"type-product","3":"status-publish","4":"has-post-thumbnail","6":"product_cat-sommartacken","7":"product_shipping_class-fastpris","8":"pa_t2-135x200-cm-b-x-l","9":"pa_t2-150x200-cm-b-x-l","10":"pa_t2-155x200-cm-b-x-l","11":"pa_t2-200x220-cm-b-x-l","13":"first","14":"onbackorder","15":"taxable","16":"shipping-taxable","17":"purchasable","18":"product-type-variable","19":"has-default-attributes"},"_links":{"self":[{"href":"https:\/\/www.askurochembla.ax\/index.php?rest_route=\/wp\/v2\/product\/495","targetHints":{"allow":["GET"]}}],"collection":[{"href":"https:\/\/www.askurochembla.ax\/index.php?rest_route=\/wp\/v2\/product"}],"about":[{"href":"https:\/\/www.askurochembla.ax\/index.php?rest_route=\/wp\/v2\/types\/product"}],"replies":[{"embeddable":true,"href":"https:\/\/www.askurochembla.ax\/index.php?rest_route=%2Fwp%2Fv2%2Fcomments&post=495"}],"wp:featuredmedia":[{"embeddable":true,"href":"https:\/\/www.askurochembla.ax\/index.php?rest_route=\/wp\/v2\/media\/1225"}],"wp:attachment":[{"href":"https:\/\/www.askurochembla.ax\/index.php?rest_route=%2Fwp%2Fv2%2Fmedia&parent=495"}],"wp:term":[{"taxonomy":"product_brand","embeddable":true,"href":"https:\/\/www.askurochembla.ax\/index.php?rest_route=%2Fwp%2Fv2%2Fproduct_brand&post=495"},{"taxonomy":"product_cat","embeddable":true,"href":"https:\/\/www.askurochembla.ax\/index.php?rest_route=%2Fwp%2Fv2%2Fproduct_cat&post=495"},{"taxonomy":"product_tag","embeddable":true,"href":"https:\/\/www.askurochembla.ax\/index.php?rest_route=%2Fwp%2Fv2%2Fproduct_tag&post=495"}],"curies":[{"name":"wp","href":"https:\/\/api.w.org\/{rel}","templated":true}]}}