{"id":593,"date":"2013-11-20T13:31:11","date_gmt":"2013-11-20T13:31:11","guid":{"rendered":"https:\/\/www.askurochembla.ax\/?post_type=product&#038;p=593"},"modified":"2023-09-15T06:31:44","modified_gmt":"2023-09-15T06:31:44","slug":"kudde-merinolammull-fleece-jersey","status":"publish","type":"product","link":"https:\/\/www.askurochembla.ax\/?product=kudde-merinolammull-fleece-jersey","title":{"rendered":"Kudde, merino lammullsfleece, satin\u00f6verdrag"},"content":{"rendered":"","protected":false},"excerpt":{"rendered":"<p>Ren certifierad lammull, stoppad i f\u00f6ljsam bomullsjersey. En plan kudde f\u00f6r den som mest sover p\u00e5 mage.<\/p>\n<p>Certifierad ekologisk bomull av GOTS. Lammull fr\u00e5n garanterat god djurh\u00e5llning, kbT. Produktionen \u00e4r certifierad av IVN. Alla produkter testas regelm\u00e4ssigt f\u00f6r inneh\u00e5ll av skadliga \u00e4mnen av ECO-institutet i Tyskland.<\/p>\n<p><b><b>\u00d6verdrag:<\/b><br \/>\n<\/b>Enkelt kuddfodral av ekologisk bomullssatin<\/p>\n<p><b>Stoppning:<\/b><br \/>\n40 x 80 cm: 500 g vadd av 100% ekologisk lammull (kbT)<br \/>\n80 x 80 cm: 1,000 g vadd av 100% ekologisk lammull (kbT)<\/p>\n<p>Leveranstid:<\/p>\n<p>Mellan 4 och 6 veckor.<\/p>\n","protected":false},"featured_media":1538,"comment_status":"open","ping_status":"closed","template":"","meta":[],"product_brand":[],"product_cat":[91],"product_tag":[],"class_list":{"0":"post-593","1":"product","2":"type-product","3":"status-publish","4":"has-post-thumbnail","6":"product_cat-kuddar-med-lammull","7":"product_shipping_class-fast-pris-kuddar-barnsovrumsprodukter","8":"pa_k1-40x80-cm-b-x-l","9":"pa_k1-80x80-cm-b-x-l","10":"pa_k1-60x50-cm-b-x-l","12":"first","13":"onbackorder","14":"taxable","15":"shipping-taxable","16":"purchasable","17":"product-type-variable","18":"has-default-attributes"},"_links":{"self":[{"href":"https:\/\/www.askurochembla.ax\/index.php?rest_route=\/wp\/v2\/product\/593","targetHints":{"allow":["GET"]}}],"collection":[{"href":"https:\/\/www.askurochembla.ax\/index.php?rest_route=\/wp\/v2\/product"}],"about":[{"href":"https:\/\/www.askurochembla.ax\/index.php?rest_route=\/wp\/v2\/types\/product"}],"replies":[{"embeddable":true,"href":"https:\/\/www.askurochembla.ax\/index.php?rest_route=%2Fwp%2Fv2%2Fcomments&post=593"}],"wp:featuredmedia":[{"embeddable":true,"href":"https:\/\/www.askurochembla.ax\/index.php?rest_route=\/wp\/v2\/media\/1538"}],"wp:attachment":[{"href":"https:\/\/www.askurochembla.ax\/index.php?rest_route=%2Fwp%2Fv2%2Fmedia&parent=593"}],"wp:term":[{"taxonomy":"product_brand","embeddable":true,"href":"https:\/\/www.askurochembla.ax\/index.php?rest_route=%2Fwp%2Fv2%2Fproduct_brand&post=593"},{"taxonomy":"product_cat","embeddable":true,"href":"https:\/\/www.askurochembla.ax\/index.php?rest_route=%2Fwp%2Fv2%2Fproduct_cat&post=593"},{"taxonomy":"product_tag","embeddable":true,"href":"https:\/\/www.askurochembla.ax\/index.php?rest_route=%2Fwp%2Fv2%2Fproduct_tag&post=593"}],"curies":[{"name":"wp","href":"https:\/\/api.w.org\/{rel}","templated":true}]}}