{"id":647,"date":"2013-11-22T12:55:39","date_gmt":"2013-11-22T12:55:39","guid":{"rendered":"https:\/\/www.askurochembla.ax\/?post_type=product&#038;p=647"},"modified":"2023-09-15T06:30:19","modified_gmt":"2023-09-15T06:30:19","slug":"rullkudde-lammull","status":"publish","type":"product","link":"https:\/\/www.askurochembla.ax\/?product=rullkudde-lammull","title":{"rendered":"Rullkudde, Lammull"},"content":{"rendered":"","protected":false},"excerpt":{"rendered":"<p>Det h\u00e4r kudden \u00e4r designad f\u00f6r den som sover mest p\u00e5 ryggen eller sidan. Den \u00e4r delad i tv\u00e5 delar genom en s\u00f6m. Den ena delen \u00e4r till f\u00f6r att vila huvudet p\u00e5 och den andra delen utg\u00f6r st\u00f6d f\u00f6r nacken och \u00e4r lite fastare stoppad.<\/p>\n<p><b>\u00d6verdrag:<\/b><br \/>\n100% ekologisk bomull (kbA)<\/p>\n<p><b>Stoppning:<\/b><br \/>\n700 g kulor av 100% ekologisk lammull (kbT).<\/p>\n<p><b>Storlek:<\/b><br \/>\n40x80cm<\/p>\n","protected":false},"featured_media":1292,"comment_status":"open","ping_status":"closed","template":"","meta":[],"product_brand":[],"product_cat":[91],"product_tag":[],"class_list":{"0":"post-647","1":"product","2":"type-product","3":"status-publish","4":"has-post-thumbnail","6":"product_cat-kuddar-med-lammull","7":"product_shipping_class-fast-pris-kuddar-barnsovrumsprodukter","9":"first","10":"onbackorder","11":"taxable","12":"shipping-taxable","13":"purchasable","14":"product-type-simple"},"_links":{"self":[{"href":"https:\/\/www.askurochembla.ax\/index.php?rest_route=\/wp\/v2\/product\/647","targetHints":{"allow":["GET"]}}],"collection":[{"href":"https:\/\/www.askurochembla.ax\/index.php?rest_route=\/wp\/v2\/product"}],"about":[{"href":"https:\/\/www.askurochembla.ax\/index.php?rest_route=\/wp\/v2\/types\/product"}],"replies":[{"embeddable":true,"href":"https:\/\/www.askurochembla.ax\/index.php?rest_route=%2Fwp%2Fv2%2Fcomments&post=647"}],"wp:featuredmedia":[{"embeddable":true,"href":"https:\/\/www.askurochembla.ax\/index.php?rest_route=\/wp\/v2\/media\/1292"}],"wp:attachment":[{"href":"https:\/\/www.askurochembla.ax\/index.php?rest_route=%2Fwp%2Fv2%2Fmedia&parent=647"}],"wp:term":[{"taxonomy":"product_brand","embeddable":true,"href":"https:\/\/www.askurochembla.ax\/index.php?rest_route=%2Fwp%2Fv2%2Fproduct_brand&post=647"},{"taxonomy":"product_cat","embeddable":true,"href":"https:\/\/www.askurochembla.ax\/index.php?rest_route=%2Fwp%2Fv2%2Fproduct_cat&post=647"},{"taxonomy":"product_tag","embeddable":true,"href":"https:\/\/www.askurochembla.ax\/index.php?rest_route=%2Fwp%2Fv2%2Fproduct_tag&post=647"}],"curies":[{"name":"wp","href":"https:\/\/api.w.org\/{rel}","templated":true}]}}