{"id":66,"date":"2013-11-01T09:02:51","date_gmt":"2013-11-01T09:02:51","guid":{"rendered":"https:\/\/www.askurochembla.ax\/?post_type=product&#038;p=66"},"modified":"2023-09-12T11:02:23","modified_gmt":"2023-09-12T11:02:23","slug":"sang","status":"publish","type":"product","link":"https:\/\/www.askurochembla.ax\/?product=sang","title":{"rendered":"Sleep Line 1 m\/ lammullsstoppad dr\u00e4ll (mjuk)"},"content":{"rendered":"","protected":false},"excerpt":{"rendered":"<p>SL1 har en k\u00e4rna av 14 cm naturgummi (latex) med ett \u00f6verdrag av lammullsstoppad ekologisk bomullsdr\u00e4ll (500 g lammull\/kvm).<\/p>\n<p>En tjock och bekv\u00e4m madrass f\u00f6r alla, men fr\u00e4mst de som \u00e4r lite l\u00e4ttare. SL1 har en k\u00e4rna av naturgummi som \u00e4r indelad i fem zoner som g\u00f6r den s\u00e4rskilt l\u00e4mplig f\u00f6r den som sover p\u00e5 sidan och som har distinkta former (st\u00f6rre skillnad mellan huvud, hals, axel, midja, h\u00f6ft och ben). SL1 ing\u00e5r i serien Sleep Line d\u00e4r alla madrasserna har samma h\u00f6jd (16 cm) f\u00f6r att passa i en pars\u00e4ng, \u00e4ven om ni v\u00e4ljer olika madrasstyper.<\/p>\n<p><b>Madrasstyp:<\/b><br \/>\nMjuk<\/p>\n<p><b>K\u00e4rna:<\/b><br \/>\n14 cm naturgummi (latex)<\/p>\n<p><b>Total h\u00f6jd:<\/b><br \/>\nCa 16 cm<\/p>\n<p><b>\u00d6verdrag:<\/b><br \/>\nLammullsquiltad dr\u00e4ll av 100% ekologisk bomull (kbA).<\/p>\n<p><strong>Leveranstiden \u00e4r normalt mellan 6 och 8 veckor.<\/strong><\/p>\n","protected":false},"featured_media":1300,"comment_status":"open","ping_status":"closed","template":"","meta":[],"product_brand":[],"product_cat":[18],"product_tag":[],"class_list":{"0":"post-66","1":"product","2":"type-product","3":"status-publish","4":"has-post-thumbnail","6":"product_cat-sleepline","7":"pa_h16cm-16x80x200","8":"pa_h16cm-16x90x200","9":"pa_h16cm-16x100x200","10":"pa_h16cm-16x140x200","12":"first","13":"outofstock","14":"taxable","15":"shipping-taxable","16":"product-type-variable","17":"has-default-attributes"},"_links":{"self":[{"href":"https:\/\/www.askurochembla.ax\/index.php?rest_route=\/wp\/v2\/product\/66","targetHints":{"allow":["GET"]}}],"collection":[{"href":"https:\/\/www.askurochembla.ax\/index.php?rest_route=\/wp\/v2\/product"}],"about":[{"href":"https:\/\/www.askurochembla.ax\/index.php?rest_route=\/wp\/v2\/types\/product"}],"replies":[{"embeddable":true,"href":"https:\/\/www.askurochembla.ax\/index.php?rest_route=%2Fwp%2Fv2%2Fcomments&post=66"}],"wp:featuredmedia":[{"embeddable":true,"href":"https:\/\/www.askurochembla.ax\/index.php?rest_route=\/wp\/v2\/media\/1300"}],"wp:attachment":[{"href":"https:\/\/www.askurochembla.ax\/index.php?rest_route=%2Fwp%2Fv2%2Fmedia&parent=66"}],"wp:term":[{"taxonomy":"product_brand","embeddable":true,"href":"https:\/\/www.askurochembla.ax\/index.php?rest_route=%2Fwp%2Fv2%2Fproduct_brand&post=66"},{"taxonomy":"product_cat","embeddable":true,"href":"https:\/\/www.askurochembla.ax\/index.php?rest_route=%2Fwp%2Fv2%2Fproduct_cat&post=66"},{"taxonomy":"product_tag","embeddable":true,"href":"https:\/\/www.askurochembla.ax\/index.php?rest_route=%2Fwp%2Fv2%2Fproduct_tag&post=66"}],"curies":[{"name":"wp","href":"https:\/\/api.w.org\/{rel}","templated":true}]}}